{"id":10,"date":"2019-05-29T12:17:22","date_gmt":"2019-05-29T12:17:22","guid":{"rendered":"https:\/\/sacrecoeurvercel.com\/?page_id=10"},"modified":"2022-03-24T15:37:42","modified_gmt":"2022-03-24T15:37:42","slug":"college","status":"publish","type":"page","link":"https:\/\/www.sacrecoeurvercel.com\/index.php\/college\/","title":{"rendered":"Coll\u00e8ge"},"content":{"rendered":"\n<p>Le coll\u00e8ge est un \u00e9tablissement \u00e0 taille humaine, avec 220 \u00e9l\u00e8ves r\u00e9partis dans 8 classes.\u00a0 L\u2019\u00e9quipe enseignante est restreinte (19 enseignants) et chacun se connait et connait chaque \u00e9l\u00e8ve.<\/p>\n\n\n\n<p>Gr\u00e2ce \u00e0 des horaires r\u00e9guliers :<\/p>\n\n\n\n<ul><li>Lundi, mardi jeudi et vendredi : 8h20-11h55 \/ 13h10-16h45<\/li><\/ul>\n\n\n\n<ul><li>Mercredi (sauf pour les 6e) : 8h20-11h55 <\/li><\/ul>\n\n\n\n<p>Les jeunes sont pris en charge, soit en cours, soit en \u00ab&nbsp;devoirs faits&nbsp;\u00bb<\/p>\n\n\n\n<p><\/p>\n","protected":false},"excerpt":{"rendered":"<p>Le coll\u00e8ge est un \u00e9tablissement \u00e0 taille humaine, avec 220 \u00e9l\u00e8ves r\u00e9partis dans 8 classes.\u00a0 L\u2019\u00e9quipe enseignante est restreinte (19 enseignants) et chacun se connait et connait chaque \u00e9l\u00e8ve. Gr\u00e2ce \u00e0 des horaires r\u00e9guliers :&#8230;<\/p>\n","protected":false},"author":2,"featured_media":0,"parent":0,"menu_order":0,"comment_status":"closed","ping_status":"closed","template":"page-full.php","meta":[],"_links":{"self":[{"href":"https:\/\/www.sacrecoeurvercel.com\/index.php\/wp-json\/wp\/v2\/pages\/10"}],"collection":[{"href":"https:\/\/www.sacrecoeurvercel.com\/index.php\/wp-json\/wp\/v2\/pages"}],"about":[{"href":"https:\/\/www.sacrecoeurvercel.com\/index.php\/wp-json\/wp\/v2\/types\/page"}],"author":[{"embeddable":true,"href":"https:\/\/www.sacrecoeurvercel.com\/index.php\/wp-json\/wp\/v2\/users\/2"}],"replies":[{"embeddable":true,"href":"https:\/\/www.sacrecoeurvercel.com\/index.php\/wp-json\/wp\/v2\/comments?post=10"}],"version-history":[{"count":4,"href":"https:\/\/www.sacrecoeurvercel.com\/index.php\/wp-json\/wp\/v2\/pages\/10\/revisions"}],"predecessor-version":[{"id":2617,"href":"https:\/\/www.sacrecoeurvercel.com\/index.php\/wp-json\/wp\/v2\/pages\/10\/revisions\/2617"}],"wp:attachment":[{"href":"https:\/\/www.sacrecoeurvercel.com\/index.php\/wp-json\/wp\/v2\/media?parent=10"}],"curies":[{"name":"wp","href":"https:\/\/api.w.org\/{rel}","templated":true}]}}

Collège

<p>Le collège est un établissement à taille humaine, avec 220 élèves répartis dans 8 classes.  L’équipe enseignante est restreinte (19 enseignants) et chacun se connait et connait chaque élève.</p>



<p>Grâce à des horaires réguliers :</p>



<ul><li>Lundi, mardi jeudi et vendredi : 8h20-11h55 / 13h10-16h45</li></ul>



<ul><li>Mercredi (sauf pour les 6e) : 8h20-11h55 </li></ul>



<p>Les jeunes sont pris en charge, soit en cours, soit en «&nbsp;devoirs faits&nbsp;»</p>



<p></p>

<p>Le collège est un établissement à taille humaine, avec 220 élèves répartis dans 8 classes.  L’équipe enseignante est restreinte (19 enseignants) et chacun se connait et connait chaque élève. Grâce à des horaires réguliers :&#8230;</p>
