{"id":2,"date":"2019-05-16T12:23:23","date_gmt":"2019-05-16T12:23:23","guid":{"rendered":"https:\/\/sacrecoeurvercel.com\/?page_id=2"},"modified":"2025-10-15T20:32:17","modified_gmt":"2025-10-15T20:32:17","slug":"accueil","status":"publish","type":"page","link":"https:\/\/www.sacrecoeurvercel.com\/index.php\/accueil\/","title":{"rendered":"Accueil"},"content":{"rendered":"<div class=\"wp-block-image\">\n<figure class=\"alignleft size-full is-resized\"><img decoding=\"async\" loading=\"lazy\" src=\"https:\/\/www.sacrecoeurvercel.com\/wp-content\/uploads\/2025\/10\/logo-multi.jpg\" alt=\"\" class=\"wp-image-4696\" width=\"326\" height=\"461\" srcset=\"https:\/\/www.sacrecoeurvercel.com\/wp-content\/uploads\/2025\/10\/logo-multi.jpg 264w, https:\/\/www.sacrecoeurvercel.com\/wp-content\/uploads\/2025\/10\/logo-multi-212x300.jpg 212w\" sizes=\"(max-width: 326px) 100vw, 326px\" \/><\/figure><\/div>\n\n\n<p class=\"has-text-color has-medium-font-size\" style=\"color:#162ac3\">Bienvenue sur le site du Groupe Scolaire du Sacr\u00e9-C\u0153ur  <\/p>\n\n\n\n<p class=\"has-text-align-left has-medium-font-size\">Bienvenue \u00e0 vous parents, \u00e9l\u00e8ves, coll\u00e8gues, amis de notre \u00e9tablissement ou simples visiteurs de passage.<br>Ce site se veut le reflet de la vie de notre groupe scolaire. Il existe gr\u00e2ce aux acteurs de l\u2019\u00e9tablissement qui viennent l\u2019alimenter.<br>L\u2019\u00e9quipe p\u00e9dagogique vous invite \u00e0 pousser les portes de leurs classes, \u00e0 observer tous les projets qui les animent.<br>Un grand merci \u00e0 eux pour le travail de r\u00e9dacteur qui rendra votre visite la plus attractive possible. <\/p>\n\n\n<div class=\"wp-block-image\">\n<figure class=\"alignright size-full is-resized\"><img decoding=\"async\" loading=\"lazy\" src=\"https:\/\/www.sacrecoeurvercel.com\/wp-content\/uploads\/2024\/11\/Logo_EC-Franche-comte-VersionVerticale-Petite.png\" alt=\"\" class=\"wp-image-3889\" width=\"128\" height=\"135\" srcset=\"https:\/\/www.sacrecoeurvercel.com\/wp-content\/uploads\/2024\/11\/Logo_EC-Franche-comte-VersionVerticale-Petite.png 457w, https:\/\/www.sacrecoeurvercel.com\/wp-content\/uploads\/2024\/11\/Logo_EC-Franche-comte-VersionVerticale-Petite-286x300.png 286w\" sizes=\"(max-width: 128px) 100vw, 128px\" \/><\/figure><\/div>\n\n\n<p class=\"has-text-align-right\">L&rsquo;\u00e9quipe de direction,<br>S. DEAU et E.Semonin<\/p>\n","protected":false},"excerpt":{"rendered":"<p>Bienvenue sur le site du Groupe Scolaire du Sacr\u00e9-C\u0153ur Bienvenue \u00e0 vous parents, \u00e9l\u00e8ves, coll\u00e8gues, amis de notre \u00e9tablissement ou simples visiteurs de passage.Ce site se veut le reflet de la vie de notre groupe&#8230;<\/p>\n","protected":false},"author":2,"featured_media":3648,"parent":0,"menu_order":0,"comment_status":"closed","ping_status":"closed","template":"","meta":[],"_links":{"self":[{"href":"https:\/\/www.sacrecoeurvercel.com\/index.php\/wp-json\/wp\/v2\/pages\/2"}],"collection":[{"href":"https:\/\/www.sacrecoeurvercel.com\/index.php\/wp-json\/wp\/v2\/pages"}],"about":[{"href":"https:\/\/www.sacrecoeurvercel.com\/index.php\/wp-json\/wp\/v2\/types\/page"}],"author":[{"embeddable":true,"href":"https:\/\/www.sacrecoeurvercel.com\/index.php\/wp-json\/wp\/v2\/users\/2"}],"replies":[{"embeddable":true,"href":"https:\/\/www.sacrecoeurvercel.com\/index.php\/wp-json\/wp\/v2\/comments?post=2"}],"version-history":[{"count":28,"href":"https:\/\/www.sacrecoeurvercel.com\/index.php\/wp-json\/wp\/v2\/pages\/2\/revisions"}],"predecessor-version":[{"id":4819,"href":"https:\/\/www.sacrecoeurvercel.com\/index.php\/wp-json\/wp\/v2\/pages\/2\/revisions\/4819"}],"wp:featuredmedia":[{"embeddable":true,"href":"https:\/\/www.sacrecoeurvercel.com\/index.php\/wp-json\/wp\/v2\/media\/3648"}],"wp:attachment":[{"href":"https:\/\/www.sacrecoeurvercel.com\/index.php\/wp-json\/wp\/v2\/media?parent=2"}],"curies":[{"name":"wp","href":"https:\/\/api.w.org\/{rel}","templated":true}]}}

<div class="wp-block-image">
<figure class="alignleft size-full is-resized"><img decoding="async" loading="lazy" src="https://www.sacrecoeurvercel.com/wp-content/uploads/2025/10/logo-multi.jpg" alt="" class="wp-image-4696" width="326" height="461" srcset="https://www.sacrecoeurvercel.com/wp-content/uploads/2025/10/logo-multi.jpg 264w, https://www.sacrecoeurvercel.com/wp-content/uploads/2025/10/logo-multi-212x300.jpg 212w" sizes="(max-width: 326px) 100vw, 326px" /></figure></div>


<p class="has-text-color has-medium-font-size" style="color:#162ac3">Bienvenue sur le site du Groupe Scolaire du Sacré-Cœur  </p>



<p class="has-text-align-left has-medium-font-size">Bienvenue à vous parents, élèves, collègues, amis de notre établissement ou simples visiteurs de passage.<br>Ce site se veut le reflet de la vie de notre groupe scolaire. Il existe grâce aux acteurs de l’établissement qui viennent l’alimenter.<br>L’équipe pédagogique vous invite à pousser les portes de leurs classes, à observer tous les projets qui les animent.<br>Un grand merci à eux pour le travail de rédacteur qui rendra votre visite la plus attractive possible. </p>


<div class="wp-block-image">
<figure class="alignright size-full is-resized"><img decoding="async" loading="lazy" src="https://www.sacrecoeurvercel.com/wp-content/uploads/2024/11/Logo_EC-Franche-comte-VersionVerticale-Petite.png" alt="" class="wp-image-3889" width="128" height="135" srcset="https://www.sacrecoeurvercel.com/wp-content/uploads/2024/11/Logo_EC-Franche-comte-VersionVerticale-Petite.png 457w, https://www.sacrecoeurvercel.com/wp-content/uploads/2024/11/Logo_EC-Franche-comte-VersionVerticale-Petite-286x300.png 286w" sizes="(max-width: 128px) 100vw, 128px" /></figure></div>


<p class="has-text-align-right">L&rsquo;équipe de direction,<br>S. DEAU et E.Semonin</p>

<p>Bienvenue sur le site du Groupe Scolaire du Sacré-Cœur Bienvenue à vous parents, élèves, collègues, amis de notre établissement ou simples visiteurs de passage.Ce site se veut le reflet de la vie de notre groupe&#8230;</p>
