{"id":2041,"date":"2019-08-30T08:13:00","date_gmt":"2019-08-30T08:13:00","guid":{"rendered":"https:\/\/www.sacrecoeurvercel.com\/?page_id=2041"},"modified":"2022-03-24T15:18:22","modified_gmt":"2022-03-24T15:18:22","slug":"options","status":"publish","type":"page","link":"https:\/\/www.sacrecoeurvercel.com\/index.php\/options\/","title":{"rendered":"Options"},"content":{"rendered":"\n<p>Nos \u00e9l\u00e8ves peuvent choisir en option : chorale et raquettes.<\/p>\n\n\n\n<p>Pour l&rsquo;option raquettes, les \u00e9l\u00e8ves doivent passer des tests qui se d\u00e9roulent courant Juin pour int\u00e9grer la session en septembre.<\/p>\n\n\n\n<p>Pour la chorale, les \u00e9l\u00e8ves peuvent commencer \u00e0 partir du primaire.<\/p>\n\n\n\n<p>N&rsquo;h\u00e9sitez pas \u00e0 nous contacter pour plus de renseignements.<\/p>\n\n\n\n<p><\/p>\n","protected":false},"excerpt":{"rendered":"<p>Nos \u00e9l\u00e8ves peuvent choisir en option : chorale et raquettes. Pour l&rsquo;option raquettes, les \u00e9l\u00e8ves doivent passer des tests qui se d\u00e9roulent courant Juin pour int\u00e9grer la session en septembre. Pour la chorale, les \u00e9l\u00e8ves&#8230;<\/p>\n","protected":false},"author":8,"featured_media":0,"parent":0,"menu_order":0,"comment_status":"closed","ping_status":"closed","template":"","meta":[],"_links":{"self":[{"href":"https:\/\/www.sacrecoeurvercel.com\/index.php\/wp-json\/wp\/v2\/pages\/2041"}],"collection":[{"href":"https:\/\/www.sacrecoeurvercel.com\/index.php\/wp-json\/wp\/v2\/pages"}],"about":[{"href":"https:\/\/www.sacrecoeurvercel.com\/index.php\/wp-json\/wp\/v2\/types\/page"}],"author":[{"embeddable":true,"href":"https:\/\/www.sacrecoeurvercel.com\/index.php\/wp-json\/wp\/v2\/users\/8"}],"replies":[{"embeddable":true,"href":"https:\/\/www.sacrecoeurvercel.com\/index.php\/wp-json\/wp\/v2\/comments?post=2041"}],"version-history":[{"count":4,"href":"https:\/\/www.sacrecoeurvercel.com\/index.php\/wp-json\/wp\/v2\/pages\/2041\/revisions"}],"predecessor-version":[{"id":2614,"href":"https:\/\/www.sacrecoeurvercel.com\/index.php\/wp-json\/wp\/v2\/pages\/2041\/revisions\/2614"}],"wp:attachment":[{"href":"https:\/\/www.sacrecoeurvercel.com\/index.php\/wp-json\/wp\/v2\/media?parent=2041"}],"curies":[{"name":"wp","href":"https:\/\/api.w.org\/{rel}","templated":true}]}}

<p>Nos élèves peuvent choisir en option : chorale et raquettes.</p>



<p>Pour l&rsquo;option raquettes, les élèves doivent passer des tests qui se déroulent courant Juin pour intégrer la session en septembre.</p>



<p>Pour la chorale, les élèves peuvent commencer à partir du primaire.</p>



<p>N&rsquo;hésitez pas à nous contacter pour plus de renseignements.</p>



<p></p>

<p>Nos élèves peuvent choisir en option : chorale et raquettes. Pour l&rsquo;option raquettes, les élèves doivent passer des tests qui se déroulent courant Juin pour intégrer la session en septembre. Pour la chorale, les élèves&#8230;</p>
