{"id":27,"date":"2019-05-29T12:17:30","date_gmt":"2019-05-29T12:17:30","guid":{"rendered":"https:\/\/sacrecoeurvercel.com\/?page_id=27"},"modified":"2019-06-11T08:40:21","modified_gmt":"2019-06-11T08:40:21","slug":"tutelle","status":"publish","type":"page","link":"https:\/\/www.sacrecoeurvercel.com\/index.php\/tutelle\/","title":{"rendered":"Tutelle"},"content":{"rendered":"\n<p><strong>Jeanne-Claude Jacoulet : fondatrice de la Sainte Famille<\/strong><\/p>\n\n\n\n<div class=\"wp-block-image\"><figure class=\"alignleft\"><a href=\"https:\/\/sacrecoeurvercel.com\/wp-content\/uploads\/2019\/06\/mere_jacoulet.jpg\"><img decoding=\"async\" loading=\"lazy\" width=\"134\" height=\"200\" src=\"https:\/\/sacrecoeurvercel.com\/wp-content\/uploads\/2019\/06\/mere_jacoulet.jpg\" alt=\"\" class=\"wp-image-1388\"\/><\/a><\/figure><\/div>\n\n\n\n<ul><li> Jeanne-Claude Jacoulet est n\u00e9e en 1772 aux Chaprais d\u2019une famille de jardiniers. Orpheline \u00e0 13 ans, elle doit subvenir \u00e0 ses besoins.<\/li><li>Sous la r\u00e9volution et au p\u00e9ril de sa vie, elle v\u00e9hicule sa foi en proposant l\u2019asile ou en rendant visite aux pr\u00eatres r\u00e9fractaires en Suisse. <br><br><\/li><\/ul>\n\n\n\n<div class=\"wp-block-image\"><figure class=\"alignright is-resized\"><a href=\"https:\/\/sacrecoeurvercel.com\/wp-content\/uploads\/2019\/06\/sainte_famille1.png\"><img decoding=\"async\" loading=\"lazy\" src=\"https:\/\/sacrecoeurvercel.com\/wp-content\/uploads\/2019\/06\/sainte_famille1.png\" alt=\"\" class=\"wp-image-1389\" width=\"236\" height=\"177\" srcset=\"https:\/\/www.sacrecoeurvercel.com\/wp-content\/uploads\/2019\/06\/sainte_famille1.png 945w, https:\/\/www.sacrecoeurvercel.com\/wp-content\/uploads\/2019\/06\/sainte_famille1-300x225.png 300w, https:\/\/www.sacrecoeurvercel.com\/wp-content\/uploads\/2019\/06\/sainte_famille1-768x576.png 768w\" sizes=\"(max-width: 236px) 100vw, 236px\" \/><\/a><\/figure><\/div>\n\n\n\n<ul><li>Son d\u00e9sir de devenir religieuse \u00e9tait grand. Pourtant elle se marie ! Son mari dispara\u00eet dans des conditions myst\u00e9rieuses en Suisse. Jeune veuve, elle s\u2019installe rue des Granges avec son fils Jean-Fran\u00e7ois, puis place Jean Cornet.<\/li><li>En 1797, elle ouvre une \u00e9cole. L\u2019ann\u00e9e suivante, soutenue par l\u2019abb\u00e9 Maire, elle forme sous le vocable de \u00ab&nbsp;Sainte Famille&nbsp;\u00bb un pensionnat dont elle est responsable.<\/li><li>En 1803, l\u2019association se transforme en communaut\u00e9 religieuse.<\/li><\/ul>\n\n\n\n<div class=\"wp-block-image\"><figure class=\"alignleft\"><a href=\"https:\/\/sacrecoeurvercel.com\/wp-content\/uploads\/2019\/06\/bd.jpg\"><img decoding=\"async\" loading=\"lazy\" width=\"200\" height=\"227\" src=\"https:\/\/sacrecoeurvercel.com\/wp-content\/uploads\/2019\/06\/bd.jpg\" alt=\"\" class=\"wp-image-1391\"\/><\/a><figcaption>L\u2019habit des religieuses de la Sainte famille.<\/figcaption><\/figure><\/div>\n\n\n\n<ul><li>En 1817, elle organise et r\u00e9dige les constitutions de la communaut\u00e9 \u00e0 travers trois grands th\u00e8mes : \u00e9duquer, instruire, enseigner la foi dans un acte de charit\u00e9.<\/li><li>Il lui est d\u00e9volu le titre de m\u00e8re sup\u00e9rieure et plusieurs communaut\u00e9s voient le jour : Amiens en 1817, Bourges en 1822, Lille en 1824, Nevers en 1827.<\/li><li>En 1836, la m\u00e8re fondatrice d\u00e9c\u00e8de.<br><br><\/li><\/ul>\n\n\n\n<div class=\"wp-block-image\"><figure class=\"alignright\"><a href=\"https:\/\/sacrecoeurvercel.com\/wp-content\/uploads\/2019\/06\/centre_afrique.jpg\"><img decoding=\"async\" loading=\"lazy\" width=\"259\" height=\"194\" src=\"https:\/\/sacrecoeurvercel.com\/wp-content\/uploads\/2019\/06\/centre_afrique.jpg\" alt=\"\" class=\"wp-image-1392\"\/><\/a><figcaption>La Sainte Famille en Centrafrique.<\/figcaption><\/figure><\/div>\n\n\n\n<ul><li>Les s\u0153urs sont all\u00e9es former d\u2019autres enfants \u00e0 Vercel, Amancey, Ornans, dans la Ni\u00e8vre et au Lyc\u00e9e professionnel priv\u00e9 agricole Fran\u00e7ois-Xavier, situ\u00e9 rue du Chapitre \u00e0 Besan\u00e7on.<\/li><li>La Sainte Famille est aussi pr\u00e9sente \u00e0 Amiens, \u00e0 Jersey, en r\u00e9publique du Congo (Brazzaville) et en Centrafrique.<\/li><\/ul>\n","protected":false},"excerpt":{"rendered":"<p>Jeanne-Claude Jacoulet : fondatrice de la Sainte Famille Jeanne-Claude Jacoulet est n\u00e9e en 1772 aux Chaprais d\u2019une famille de jardiniers. Orpheline \u00e0 13 ans, elle doit subvenir \u00e0 ses besoins.Sous la r\u00e9volution et au p\u00e9ril&#8230;<\/p>\n","protected":false},"author":2,"featured_media":0,"parent":0,"menu_order":0,"comment_status":"closed","ping_status":"closed","template":"","meta":[],"_links":{"self":[{"href":"https:\/\/www.sacrecoeurvercel.com\/index.php\/wp-json\/wp\/v2\/pages\/27"}],"collection":[{"href":"https:\/\/www.sacrecoeurvercel.com\/index.php\/wp-json\/wp\/v2\/pages"}],"about":[{"href":"https:\/\/www.sacrecoeurvercel.com\/index.php\/wp-json\/wp\/v2\/types\/page"}],"author":[{"embeddable":true,"href":"https:\/\/www.sacrecoeurvercel.com\/index.php\/wp-json\/wp\/v2\/users\/2"}],"replies":[{"embeddable":true,"href":"https:\/\/www.sacrecoeurvercel.com\/index.php\/wp-json\/wp\/v2\/comments?post=27"}],"version-history":[{"count":3,"href":"https:\/\/www.sacrecoeurvercel.com\/index.php\/wp-json\/wp\/v2\/pages\/27\/revisions"}],"predecessor-version":[{"id":1393,"href":"https:\/\/www.sacrecoeurvercel.com\/index.php\/wp-json\/wp\/v2\/pages\/27\/revisions\/1393"}],"wp:attachment":[{"href":"https:\/\/www.sacrecoeurvercel.com\/index.php\/wp-json\/wp\/v2\/media?parent=27"}],"curies":[{"name":"wp","href":"https:\/\/api.w.org\/{rel}","templated":true}]}}

<p><strong>Jeanne-Claude Jacoulet : fondatrice de la Sainte Famille</strong></p>



<div class="wp-block-image"><figure class="alignleft"><a href="https://sacrecoeurvercel.com/wp-content/uploads/2019/06/mere_jacoulet.jpg"><img decoding="async" loading="lazy" width="134" height="200" src="https://sacrecoeurvercel.com/wp-content/uploads/2019/06/mere_jacoulet.jpg" alt="" class="wp-image-1388"/></a></figure></div>



<ul><li> Jeanne-Claude Jacoulet est née en 1772 aux Chaprais d’une famille de jardiniers. Orpheline à 13 ans, elle doit subvenir à ses besoins.</li><li>Sous la révolution et au péril de sa vie, elle véhicule sa foi en proposant l’asile ou en rendant visite aux prêtres réfractaires en Suisse. <br><br></li></ul>



<div class="wp-block-image"><figure class="alignright is-resized"><a href="https://sacrecoeurvercel.com/wp-content/uploads/2019/06/sainte_famille1.png"><img decoding="async" loading="lazy" src="https://sacrecoeurvercel.com/wp-content/uploads/2019/06/sainte_famille1.png" alt="" class="wp-image-1389" width="236" height="177" srcset="https://www.sacrecoeurvercel.com/wp-content/uploads/2019/06/sainte_famille1.png 945w, https://www.sacrecoeurvercel.com/wp-content/uploads/2019/06/sainte_famille1-300x225.png 300w, https://www.sacrecoeurvercel.com/wp-content/uploads/2019/06/sainte_famille1-768x576.png 768w" sizes="(max-width: 236px) 100vw, 236px" /></a></figure></div>



<ul><li>Son désir de devenir religieuse était grand. Pourtant elle se marie ! Son mari disparaît dans des conditions mystérieuses en Suisse. Jeune veuve, elle s’installe rue des Granges avec son fils Jean-François, puis place Jean Cornet.</li><li>En 1797, elle ouvre une école. L’année suivante, soutenue par l’abbé Maire, elle forme sous le vocable de «&nbsp;Sainte Famille&nbsp;» un pensionnat dont elle est responsable.</li><li>En 1803, l’association se transforme en communauté religieuse.</li></ul>



<div class="wp-block-image"><figure class="alignleft"><a href="https://sacrecoeurvercel.com/wp-content/uploads/2019/06/bd.jpg"><img decoding="async" loading="lazy" width="200" height="227" src="https://sacrecoeurvercel.com/wp-content/uploads/2019/06/bd.jpg" alt="" class="wp-image-1391"/></a><figcaption>L’habit des religieuses de la Sainte famille.</figcaption></figure></div>



<ul><li>En 1817, elle organise et rédige les constitutions de la communauté à travers trois grands thèmes : éduquer, instruire, enseigner la foi dans un acte de charité.</li><li>Il lui est dévolu le titre de mère supérieure et plusieurs communautés voient le jour : Amiens en 1817, Bourges en 1822, Lille en 1824, Nevers en 1827.</li><li>En 1836, la mère fondatrice décède.<br><br></li></ul>



<div class="wp-block-image"><figure class="alignright"><a href="https://sacrecoeurvercel.com/wp-content/uploads/2019/06/centre_afrique.jpg"><img decoding="async" loading="lazy" width="259" height="194" src="https://sacrecoeurvercel.com/wp-content/uploads/2019/06/centre_afrique.jpg" alt="" class="wp-image-1392"/></a><figcaption>La Sainte Famille en Centrafrique.</figcaption></figure></div>



<ul><li>Les sœurs sont allées former d’autres enfants à Vercel, Amancey, Ornans, dans la Nièvre et au Lycée professionnel privé agricole François-Xavier, situé rue du Chapitre à Besançon.</li><li>La Sainte Famille est aussi présente à Amiens, à Jersey, en république du Congo (Brazzaville) et en Centrafrique.</li></ul>

<p>Jeanne-Claude Jacoulet : fondatrice de la Sainte Famille Jeanne-Claude Jacoulet est née en 1772 aux Chaprais d’une famille de jardiniers. Orpheline à 13 ans, elle doit subvenir à ses besoins.Sous la révolution et au péril&#8230;</p>
