{"id":2796,"date":"2023-01-16T13:09:49","date_gmt":"2023-01-16T13:09:49","guid":{"rendered":"https:\/\/www.sacrecoeurvercel.com\/?page_id=2796"},"modified":"2023-02-20T14:54:13","modified_gmt":"2023-02-20T14:54:13","slug":"__trashed","status":"publish","type":"page","link":"https:\/\/www.sacrecoeurvercel.com\/index.php\/__trashed\/","title":{"rendered":"Collecte Papier"},"content":{"rendered":"\n<p>Vous trouverez ci-dessous quelques informations pour le bon d\u00e9roulement de la collecte de papier pour l&rsquo;ann\u00e9e scolaire 2022-2023.<\/p>\n\n\n\n<p><strong>DATES DES PERMANENCES 2022-2023 :<\/strong><\/p>\n\n\n\n<p>CM2 : samedis 17 septembre et 8 octobre<\/p>\n\n\n\n<p>CM1 : samedis 5 et 19 novembre<\/p>\n\n\n\n<p>CE2 : samedis 3 et 17 d\u00e9cembre<\/p>\n\n\n\n<p>CE1\/CE2 : samedis 7 et 21 janvier<\/p>\n\n\n\n<p>CP\/CE1 : samedis 4 et 18 f\u00e9vrier<\/p>\n\n\n\n<p>CP : samedis 4 et 18 mars<\/p>\n\n\n\n<p>GS : samedis 1<sup>er<\/sup> et 22 avril<\/p>\n\n\n\n<p>MS : samedis 6 mai et 3 juin<\/p>\n\n\n\n<p>PS : samedis 17 juin et 1er juillet<\/p>\n\n\n\n<p><strong>DATES DES CHARGEMENTS DE LA BENNE 2022-2023 :<\/strong><\/p>\n\n\n\n<p>samedi 15 octobre + une autre date \u00e0 d\u00e9finir&nbsp;&nbsp;&nbsp;&nbsp;&nbsp;&nbsp;&nbsp;<\/p>\n\n\n\n<p><strong>HORAIRES&nbsp;:<\/strong>&nbsp;&nbsp; collecte&nbsp;: 10H00-12H00&nbsp;&nbsp;&nbsp;&nbsp;&nbsp;&nbsp;&nbsp;&nbsp;&nbsp;&nbsp;&nbsp;&nbsp;&nbsp;&nbsp;&nbsp;&nbsp;&nbsp;&nbsp; benne&nbsp;: 09H00-12H00<\/p>\n\n\n\n<p><strong>DEP\u00d4T DU PAPIER :<\/strong><\/p>\n\n\n\n<p>Le d\u00e9p\u00f4t de papier se fait les jours d\u2019ouverture des permanences. <\/p>\n\n\n\n<p>Un pr\u00e9-tri vous est demand\u00e9&nbsp;: <strong>enlever<\/strong> plastique \/ fen\u00eatre d\u2019enveloppe \/ carton \/ couverture de livre cartonn\u00e9e \/ papier kraft.<\/p>\n\n\n\n<p><strong>MODALITES&nbsp;:<\/strong><\/p>\n\n\n\n<p>Chaque classe se voit attribu\u00e9e quelques permanences. Trois personnes sont n\u00e9cessaires pour le bon d\u00e9roulement du tri. Les jours des chargements de benne demandent plus de main d\u2019\u0153uvre, et ne sont pas attribu\u00e9 \u00e0 une classe sp\u00e9cifique.<\/p>\n\n\n\n<p><strong> Un grand merci par avance pour les \u00e9l\u00e8ves<\/strong><\/p>\n","protected":false},"excerpt":{"rendered":"<p>Vous trouverez ci-dessous quelques informations pour le bon d\u00e9roulement de la collecte de papier pour l&rsquo;ann\u00e9e scolaire 2022-2023. DATES DES PERMANENCES 2022-2023 : CM2 : samedis 17 septembre et 8 octobre CM1 : samedis 5&#8230;<\/p>\n","protected":false},"author":6,"featured_media":0,"parent":0,"menu_order":0,"comment_status":"closed","ping_status":"closed","template":"","meta":[],"_links":{"self":[{"href":"https:\/\/www.sacrecoeurvercel.com\/index.php\/wp-json\/wp\/v2\/pages\/2796"}],"collection":[{"href":"https:\/\/www.sacrecoeurvercel.com\/index.php\/wp-json\/wp\/v2\/pages"}],"about":[{"href":"https:\/\/www.sacrecoeurvercel.com\/index.php\/wp-json\/wp\/v2\/types\/page"}],"author":[{"embeddable":true,"href":"https:\/\/www.sacrecoeurvercel.com\/index.php\/wp-json\/wp\/v2\/users\/6"}],"replies":[{"embeddable":true,"href":"https:\/\/www.sacrecoeurvercel.com\/index.php\/wp-json\/wp\/v2\/comments?post=2796"}],"version-history":[{"count":5,"href":"https:\/\/www.sacrecoeurvercel.com\/index.php\/wp-json\/wp\/v2\/pages\/2796\/revisions"}],"predecessor-version":[{"id":2923,"href":"https:\/\/www.sacrecoeurvercel.com\/index.php\/wp-json\/wp\/v2\/pages\/2796\/revisions\/2923"}],"wp:attachment":[{"href":"https:\/\/www.sacrecoeurvercel.com\/index.php\/wp-json\/wp\/v2\/media?parent=2796"}],"curies":[{"name":"wp","href":"https:\/\/api.w.org\/{rel}","templated":true}]}}

<p>Vous trouverez ci-dessous quelques informations pour le bon déroulement de la collecte de papier pour l&rsquo;année scolaire 2022-2023.</p>



<p><strong>DATES DES PERMANENCES 2022-2023 :</strong></p>



<p>CM2 : samedis 17 septembre et 8 octobre</p>



<p>CM1 : samedis 5 et 19 novembre</p>



<p>CE2 : samedis 3 et 17 décembre</p>



<p>CE1/CE2 : samedis 7 et 21 janvier</p>



<p>CP/CE1 : samedis 4 et 18 février</p>



<p>CP : samedis 4 et 18 mars</p>



<p>GS : samedis 1<sup>er</sup> et 22 avril</p>



<p>MS : samedis 6 mai et 3 juin</p>



<p>PS : samedis 17 juin et 1er juillet</p>



<p><strong>DATES DES CHARGEMENTS DE LA BENNE 2022-2023 :</strong></p>



<p>samedi 15 octobre + une autre date à définir&nbsp;&nbsp;&nbsp;&nbsp;&nbsp;&nbsp;&nbsp;</p>



<p><strong>HORAIRES&nbsp;:</strong>&nbsp;&nbsp; collecte&nbsp;: 10H00-12H00&nbsp;&nbsp;&nbsp;&nbsp;&nbsp;&nbsp;&nbsp;&nbsp;&nbsp;&nbsp;&nbsp;&nbsp;&nbsp;&nbsp;&nbsp;&nbsp;&nbsp;&nbsp; benne&nbsp;: 09H00-12H00</p>



<p><strong>DEPÔT DU PAPIER :</strong></p>



<p>Le dépôt de papier se fait les jours d’ouverture des permanences. </p>



<p>Un pré-tri vous est demandé&nbsp;: <strong>enlever</strong> plastique / fenêtre d’enveloppe / carton / couverture de livre cartonnée / papier kraft.</p>



<p><strong>MODALITES&nbsp;:</strong></p>



<p>Chaque classe se voit attribuée quelques permanences. Trois personnes sont nécessaires pour le bon déroulement du tri. Les jours des chargements de benne demandent plus de main d’œuvre, et ne sont pas attribué à une classe spécifique.</p>



<p><strong> Un grand merci par avance pour les élèves</strong></p>

<p>Vous trouverez ci-dessous quelques informations pour le bon déroulement de la collecte de papier pour l&rsquo;année scolaire 2022-2023. DATES DES PERMANENCES 2022-2023 : CM2 : samedis 17 septembre et 8 octobre CM1 : samedis 5&#8230;</p>
