{"id":57,"date":"2019-05-29T12:40:04","date_gmt":"2019-05-29T12:40:04","guid":{"rendered":"https:\/\/sacrecoeurvercel.com\/?page_id=57"},"modified":"2023-10-03T07:34:50","modified_gmt":"2023-10-03T07:34:50","slug":"nous-contacter","status":"publish","type":"page","link":"https:\/\/www.sacrecoeurvercel.com\/index.php\/nous-contacter\/","title":{"rendered":"Nous contacter"},"content":{"rendered":"\n<p>Le groupe scolaire est situ\u00e9 au 21 rue des Fourches, 25530 Vercel-Villedieu-le-Camp<\/p>\n\n\n\n<p>Vous pouvez nous joindre par t\u00e9l\u00e9phone au 03 81 58 36 24<br>ou par mail \u00e0 l&rsquo;adresse <a href=\"contact@sacrecoeurvercel.com\">contact@sacrecoeurvercel.com<\/a><a href=\"mailto:mariefrancoise.chays@scolafc.org\"><\/a><\/p>\n","protected":false},"excerpt":{"rendered":"<p>Le groupe scolaire est situ\u00e9 au 21 rue des Fourches, 25530 Vercel-Villedieu-le-Camp Vous pouvez nous joindre par t\u00e9l\u00e9phone au 03 81 58 36 24ou par mail \u00e0 l&rsquo;adresse contact@sacrecoeurvercel.com<\/p>\n","protected":false},"author":2,"featured_media":0,"parent":0,"menu_order":0,"comment_status":"closed","ping_status":"closed","template":"","meta":[],"_links":{"self":[{"href":"https:\/\/www.sacrecoeurvercel.com\/index.php\/wp-json\/wp\/v2\/pages\/57"}],"collection":[{"href":"https:\/\/www.sacrecoeurvercel.com\/index.php\/wp-json\/wp\/v2\/pages"}],"about":[{"href":"https:\/\/www.sacrecoeurvercel.com\/index.php\/wp-json\/wp\/v2\/types\/page"}],"author":[{"embeddable":true,"href":"https:\/\/www.sacrecoeurvercel.com\/index.php\/wp-json\/wp\/v2\/users\/2"}],"replies":[{"embeddable":true,"href":"https:\/\/www.sacrecoeurvercel.com\/index.php\/wp-json\/wp\/v2\/comments?post=57"}],"version-history":[{"count":7,"href":"https:\/\/www.sacrecoeurvercel.com\/index.php\/wp-json\/wp\/v2\/pages\/57\/revisions"}],"predecessor-version":[{"id":3109,"href":"https:\/\/www.sacrecoeurvercel.com\/index.php\/wp-json\/wp\/v2\/pages\/57\/revisions\/3109"}],"wp:attachment":[{"href":"https:\/\/www.sacrecoeurvercel.com\/index.php\/wp-json\/wp\/v2\/media?parent=57"}],"curies":[{"name":"wp","href":"https:\/\/api.w.org\/{rel}","templated":true}]}}

<p>Le groupe scolaire est situé au 21 rue des Fourches, 25530 Vercel-Villedieu-le-Camp</p>



<p>Vous pouvez nous joindre par téléphone au 03 81 58 36 24<br>ou par mail à l&rsquo;adresse <a href="contact@sacrecoeurvercel.com">contact@sacrecoeurvercel.com</a><a href="mailto:mariefrancoise.chays@scolafc.org"></a></p>

<p>Le groupe scolaire est situé au 21 rue des Fourches, 25530 Vercel-Villedieu-le-Camp Vous pouvez nous joindre par téléphone au 03 81 58 36 24ou par mail à l&rsquo;adresse contact@sacrecoeurvercel.com</p>
