{"id":802,"date":"2019-06-05T12:32:13","date_gmt":"2019-06-05T12:32:13","guid":{"rendered":"https:\/\/sacrecoeurvercel.com\/?page_id=802"},"modified":"2024-08-31T13:52:45","modified_gmt":"2024-08-31T13:52:45","slug":"disciplines","status":"publish","type":"page","link":"https:\/\/www.sacrecoeurvercel.com\/index.php\/disciplines\/","title":{"rendered":"DISCIPLINES"},"content":{"rendered":"\n<ul>\n<li><a href=\"https:\/\/sacrecoeurvercel.com\/index.php\/category\/allemand\/\">Allemand<\/a><\/li>\n\n\n\n<li><a href=\"https:\/\/sacrecoeurvercel.com\/index.php\/category\/anglais\/\">Anglais<\/a><\/li>\n\n\n\n<li><a href=\"https:\/\/sacrecoeurvercel.com\/index.php\/category\/art-plastiques\/\">Arts Plastiques<\/a><\/li>\n\n\n\n<li><a href=\"https:\/\/sacrecoeurvercel.com\/index.php\/category\/education-musicale\/\">Education musical<\/a><\/li>\n\n\n\n<li><a href=\"https:\/\/sacrecoeurvercel.com\/index.php\/category\/e-p-s\/\">Education Physique et Sportive (E.P.S)<\/a><\/li>\n\n\n\n<li><a href=\"https:\/\/sacrecoeurvercel.com\/index.php\/category\/espagnol\/\">Espagnol<\/a><\/li>\n\n\n\n<li><a href=\"https:\/\/sacrecoeurvercel.com\/index.php\/category\/francais\/\">Fran\u00e7ais<\/a><\/li>\n\n\n\n<li><a href=\"https:\/\/sacrecoeurvercel.com\/index.php\/category\/histoire-geographie\/\">Histoire-G\u00e9ographie et Education Civique<\/a><\/li>\n\n\n\n<li><a href=\"https:\/\/sacrecoeurvercel.com\/index.php\/category\/mathematique\/\" data-type=\"URL\">Math\u00e9matiques<\/a><\/li>\n\n\n\n<li><a href=\"https:\/\/sacrecoeurvercel.com\/index.php\/category\/physique-chimie\/\">Physique-Chimie<\/a><\/li>\n\n\n\n<li><a href=\"https:\/\/sacrecoeurvercel.com\/index.php\/category\/svt\/\">Sciences de la Vie et de la Terre (SVT)<\/a><\/li>\n\n\n\n<li><a href=\"https:\/\/sacrecoeurvercel.com\/index.php\/technologie\/\">Technologie<\/a><\/li>\n<\/ul>\n\n\n\n<p><\/p>\n","protected":false},"excerpt":{"rendered":"<p>Allemand Anglais Arts Plastiques Education musical Education Physique et Sportive (E.P.S) Espagnol Fran\u00e7ais Histoire-G\u00e9ographie et Education Civique Math\u00e9matiques Physique-Chimie Sciences de la Vie et de la Terre (SVT) Technologie<\/p>\n","protected":false},"author":2,"featured_media":0,"parent":0,"menu_order":0,"comment_status":"closed","ping_status":"closed","template":"","meta":[],"_links":{"self":[{"href":"https:\/\/www.sacrecoeurvercel.com\/index.php\/wp-json\/wp\/v2\/pages\/802"}],"collection":[{"href":"https:\/\/www.sacrecoeurvercel.com\/index.php\/wp-json\/wp\/v2\/pages"}],"about":[{"href":"https:\/\/www.sacrecoeurvercel.com\/index.php\/wp-json\/wp\/v2\/types\/page"}],"author":[{"embeddable":true,"href":"https:\/\/www.sacrecoeurvercel.com\/index.php\/wp-json\/wp\/v2\/users\/2"}],"replies":[{"embeddable":true,"href":"https:\/\/www.sacrecoeurvercel.com\/index.php\/wp-json\/wp\/v2\/comments?post=802"}],"version-history":[{"count":11,"href":"https:\/\/www.sacrecoeurvercel.com\/index.php\/wp-json\/wp\/v2\/pages\/802\/revisions"}],"predecessor-version":[{"id":3572,"href":"https:\/\/www.sacrecoeurvercel.com\/index.php\/wp-json\/wp\/v2\/pages\/802\/revisions\/3572"}],"wp:attachment":[{"href":"https:\/\/www.sacrecoeurvercel.com\/index.php\/wp-json\/wp\/v2\/media?parent=802"}],"curies":[{"name":"wp","href":"https:\/\/api.w.org\/{rel}","templated":true}]}}