{"id":9,"date":"2019-05-29T12:17:24","date_gmt":"2019-05-29T12:17:24","guid":{"rendered":"https:\/\/sacrecoeurvercel.com\/?page_id=9"},"modified":"2023-01-16T14:22:35","modified_gmt":"2023-01-16T14:22:35","slug":"ecole","status":"publish","type":"page","link":"https:\/\/www.sacrecoeurvercel.com\/index.php\/ecole\/","title":{"rendered":"Ecole"},"content":{"rendered":"\n<h4>Fonctionnement de l&rsquo;\u00e9cole<\/h4>\n\n\n\n<p>Accueil des enfants de 3 ans jusqu\u2019au CM2. ( possible 2 ans suivant effectifs)<\/p>\n\n\n\n<p>Lundi, mardi, jeudi, vendredi : de 8h25 \u00e0 11h40 \u2013 de 13h40 \u00e0 16h30.<\/p>\n\n\n\n<p>Accueil le matin dans les classes d\u00e8s 8h15 et l\u2019apr\u00e8s-midi sur la cour d\u00e8s 13h25.<\/p>\n\n\n\n<p>Activit\u00e9s P\u00e9dagogiques Compl\u00e9mentaires (A.P.C.) de 12h55 \u00e0 13h40 ou de 16h30 \u00e0 17h15.<\/p>\n\n\n\n<p>Prise en charge des \u00e9l\u00e8ves en difficult\u00e9s par un enseignant sp\u00e9cialis\u00e9.<\/p>\n\n\n\n<p>Apprentissage de l\u2019anglais d\u00e8s la maternelle avec certification Cambridge en CM2<\/p>\n\n\n\n<p>Services aux familles :<\/p>\n\n\n\n<ul>\n<li>un accueil le matin \u00e0 partir de 8h00,<\/li>\n\n\n\n<li>une restauration adapt\u00e9e (service sur assiette pour les enfants de maternelle et self pour les enfants de primaire),<\/li>\n\n\n\n<li>une \u00e9tude le soir (surveillance et aide aux devoirs) jusqu\u2019\u00e0 18h00.<\/li>\n<\/ul>\n\n\n\n<h4><a href=\"http:\/\/sacrecoeurvercel.com\/wp-content\/uploads\/2015\/03\/ecole2.jpg\"><\/a>Axes prioritaires du projet d\u2019\u00e9cole<\/h4>\n\n\n\n<p>Dans notre \u00e9tablissement, nous souhaitons que chaque \u00e9l\u00e8ve puisse \u00e9voluer en se sentant respect\u00e9 et en respectant son environnement. Nous souhaitons aussi que chaque enfant quelque soit son niveau scolaire puisse progresser dans les apprentissages.<\/p>\n\n\n\n<h5>Axe 1 : Devenir un citoyen respectueux de soi et des autres :<\/h5>\n\n\n\n<ul>\n<li>am\u00e9liorer l\u2019estime de soi, mieux se conna\u00eetre,<\/li>\n\n\n\n<li>s\u2019exprimer sans agressivit\u00e9,<\/li>\n\n\n\n<li>\u00e9couter l\u2019autre en essayant de se mettre \u00e0 sa place,<\/li>\n\n\n\n<li>favoriser les liens entre les \u00e2ges.<\/li>\n<\/ul>\n\n\n\n<h5>Axe 2 : Devenir un citoyen respectueux de son environnement :<\/h5>\n\n\n\n<ul>\n<li>respecter l\u2019environnement partag\u00e9,<\/li>\n\n\n\n<li>cr\u00e9er des attitudes d\u2019\u00e9co-citoyen,<\/li>\n\n\n\n<li>apprendre aux \u00e9l\u00e8ves qu\u2019ils ont un r\u00f4le \u00e0 jouer dans l\u2019avenir.<\/li>\n<\/ul>\n\n\n\n<h5>Axe 3 : Permettre la r\u00e9ussite de tous les \u00e9l\u00e8ves par :<\/h5>\n\n\n\n<ul>\n<li>l\u2019organisation de d\u00e9cloisonnements qui prennent en compte les besoins de chaque \u00e9l\u00e8ve,<\/li>\n\n\n\n<li>l\u2019intervention de l\u2019enseignant sp\u00e9cialis\u00e9 pour les difficult\u00e9s persistantes,<\/li>\n\n\n\n<li>la mise en place des Activit\u00e9s P\u00e9dagogiques Compl\u00e9mentaires (A.P.C.) pour les difficult\u00e9s ponctuelles,<\/li>\n\n\n\n<li>l\u2019utilisation des nouvelles technologies.<\/li>\n<\/ul>\n\n\n<div class=\"wp-block-image\">\n<figure class=\"aligncenter\"><a href=\"http:\/\/sacrecoeurvercel.com\/wp-content\/uploads\/2015\/03\/motricite.jpg\"><img decoding=\"async\" src=\"http:\/\/sacrecoeurvercel.com\/wp-content\/uploads\/2015\/03\/motricite-300x292.jpg\" alt=\"motricite\" class=\"wp-image-714\"\/><\/a><\/figure><\/div>","protected":false},"excerpt":{"rendered":"<p>Fonctionnement de l&rsquo;\u00e9cole Accueil des enfants de 3 ans jusqu\u2019au CM2. ( possible 2 ans suivant effectifs) Lundi, mardi, jeudi, vendredi : de 8h25 \u00e0 11h40 \u2013 de 13h40 \u00e0 16h30. Accueil le matin dans&#8230;<\/p>\n","protected":false},"author":2,"featured_media":0,"parent":0,"menu_order":0,"comment_status":"closed","ping_status":"closed","template":"","meta":[],"_links":{"self":[{"href":"https:\/\/www.sacrecoeurvercel.com\/index.php\/wp-json\/wp\/v2\/pages\/9"}],"collection":[{"href":"https:\/\/www.sacrecoeurvercel.com\/index.php\/wp-json\/wp\/v2\/pages"}],"about":[{"href":"https:\/\/www.sacrecoeurvercel.com\/index.php\/wp-json\/wp\/v2\/types\/page"}],"author":[{"embeddable":true,"href":"https:\/\/www.sacrecoeurvercel.com\/index.php\/wp-json\/wp\/v2\/users\/2"}],"replies":[{"embeddable":true,"href":"https:\/\/www.sacrecoeurvercel.com\/index.php\/wp-json\/wp\/v2\/comments?post=9"}],"version-history":[{"count":3,"href":"https:\/\/www.sacrecoeurvercel.com\/index.php\/wp-json\/wp\/v2\/pages\/9\/revisions"}],"predecessor-version":[{"id":2808,"href":"https:\/\/www.sacrecoeurvercel.com\/index.php\/wp-json\/wp\/v2\/pages\/9\/revisions\/2808"}],"wp:attachment":[{"href":"https:\/\/www.sacrecoeurvercel.com\/index.php\/wp-json\/wp\/v2\/media?parent=9"}],"curies":[{"name":"wp","href":"https:\/\/api.w.org\/{rel}","templated":true}]}}