{"id":932,"date":"2019-06-06T15:00:48","date_gmt":"2019-06-06T15:00:48","guid":{"rendered":"https:\/\/sacrecoeurvercel.com\/?page_id=932"},"modified":"2019-06-17T08:05:42","modified_gmt":"2019-06-17T08:05:42","slug":"technologie","status":"publish","type":"page","link":"https:\/\/www.sacrecoeurvercel.com\/index.php\/technologie\/","title":{"rendered":"Technologie"},"content":{"rendered":"\n<p>Vous pouvez vous connecter au portail de la technologie!<\/p>\n\n\n\n<p>Pour ce faire, <a href=\"https:\/\/www.netvibes.com\/profdetechno#Generalites\">cliquez ici.<\/a><\/p>\n\n\n\n<p>Pour acc\u00e9der \u00e0 la classe de technologie de votre choix, cliquez ci-dessous:<\/p>\n\n\n\n<ul><li><a href=\"https:\/\/sacrecoeurvercel.com\/index.php\/technologie\/niveau-6eme\/\">Niveau 6\u00e8me<\/a><\/li><li><a href=\"https:\/\/sacrecoeurvercel.com\/index.php\/technologie\/niveau-5eme\/\">Niveau 5\u00e8me<\/a><\/li><li><a href=\"https:\/\/sacrecoeurvercel.com\/index.php\/technologie\/niveau-4eme\/\">Niveau 4\u00e8me<\/a><\/li><li><a href=\"https:\/\/sacrecoeurvercel.com\/index.php\/technologie\/niveau-3eme\/\">Niveau 3\u00e8me<\/a><\/li><\/ul>\n\n\n\n<p><\/p>\n","protected":false},"excerpt":{"rendered":"<p>Vous pouvez vous connecter au portail de la technologie! Pour ce faire, cliquez ici. Pour acc\u00e9der \u00e0 la classe de technologie de votre choix, cliquez ci-dessous: Niveau 6\u00e8meNiveau 5\u00e8meNiveau 4\u00e8meNiveau 3\u00e8me<\/p>\n","protected":false},"author":2,"featured_media":0,"parent":0,"menu_order":0,"comment_status":"closed","ping_status":"closed","template":"","meta":[],"_links":{"self":[{"href":"https:\/\/www.sacrecoeurvercel.com\/index.php\/wp-json\/wp\/v2\/pages\/932"}],"collection":[{"href":"https:\/\/www.sacrecoeurvercel.com\/index.php\/wp-json\/wp\/v2\/pages"}],"about":[{"href":"https:\/\/www.sacrecoeurvercel.com\/index.php\/wp-json\/wp\/v2\/types\/page"}],"author":[{"embeddable":true,"href":"https:\/\/www.sacrecoeurvercel.com\/index.php\/wp-json\/wp\/v2\/users\/2"}],"replies":[{"embeddable":true,"href":"https:\/\/www.sacrecoeurvercel.com\/index.php\/wp-json\/wp\/v2\/comments?post=932"}],"version-history":[{"count":5,"href":"https:\/\/www.sacrecoeurvercel.com\/index.php\/wp-json\/wp\/v2\/pages\/932\/revisions"}],"predecessor-version":[{"id":1428,"href":"https:\/\/www.sacrecoeurvercel.com\/index.php\/wp-json\/wp\/v2\/pages\/932\/revisions\/1428"}],"wp:attachment":[{"href":"https:\/\/www.sacrecoeurvercel.com\/index.php\/wp-json\/wp\/v2\/media?parent=932"}],"curies":[{"name":"wp","href":"https:\/\/api.w.org\/{rel}","templated":true}]}}